{"id":2,"date":"2022-01-15T10:56:34","date_gmt":"2022-01-15T09:56:34","guid":{"rendered":"http:\/\/qualite-serralta-conseil.fr\/?page_id=2"},"modified":"2023-05-10T10:45:56","modified_gmt":"2023-05-10T08:45:56","slug":"page-d-exemple","status":"publish","type":"page","link":"https:\/\/qualite-serralta-conseil.fr\/index.php\/page-d-exemple\/","title":{"rendered":"Maloan Conseil"},"content":{"rendered":"\n<h2 class=\"has-text-align-center has-huge-font-size\">Jean-Marc Serralta<\/h2>\n\n\n\n<p>Je me pr\u00e9sente: Jean-Marc Serralta, n\u00e9 en 1961 \u00e0 Saint-Brieuc, voici quelques \u00e9l\u00e9ments sur mon parcours et exp\u00e9rience:<\/p>\n\n\n\n<div class=\"wp-block-image\"><figure class=\"aligncenter size-large is-resized\"><img loading=\"lazy\" src=\"https:\/\/qualite-serralta-conseil.fr\/wp-content\/uploads\/2022\/01\/number-6-3-768x1024.jpg\" alt=\"\" class=\"wp-image-58\" width=\"279\" height=\"345\"\/><\/figure><\/div>\n\n\n\n<blockquote class=\"wp-block-quote\"><p>31 ans d&rsquo;exp\u00e9rience en tant que cadre dirigeant dans l&rsquo;industrie, en fonction qualit\u00e9 principalement, mais aussi sur des fonctions Production, Achats, et Gestion Projets. Ce, dans les domaines techniques suivants: <\/p><p>Plasturgie automobile<\/p><p>Electronique professionnelle et armement<\/p><p>Pyrotechnie automobile<\/p><p>Electronique automobile<\/p><\/blockquote>\n\n\n\n<blockquote class=\"wp-block-quote\"><p>Mon parcours m&rsquo;a conduit \u00e0 d\u00e9finir avec les \u00e9quipes de l&rsquo;entreprise, et \u00e0 mettre en place plusieurs syst\u00e8mes de management r\u00e9pondant aux normes ISO 9001, ISO TS 16949 et enfin IATF 16949<\/p><\/blockquote>\n\n\n\n<blockquote class=\"wp-block-quote\"><p>Je poss\u00e8de aussi une grande exp\u00e9rience de l&rsquo;audit processus en particulier chez des fournisseurs et \u00e9quipementiers Europ\u00e9ens et US.<\/p><\/blockquote>\n\n\n\n<blockquote class=\"wp-block-quote\"><p><em>Enfin je suis certifi\u00e9 Auditeur ICA et r\u00e9alise des audits de certification pour diff\u00e9rents organismes.<\/em><\/p><\/blockquote>\n\n\n\n<div class=\"wp-block-image\"><figure class=\"aligncenter size-large is-resized\"><a href=\"https:\/\/certificats-personnes.afnor.org\/?key=9CC1BC19DE470DE82BF97101FEA37011F1A2A14DB2757020AC74D525A991CEB7Mk5LYUIyTGs2WlV6ZVdmeDVVdk9rZlNFa2ZuVlpNd1VrYUdBZENqL1lOWDF5ellO\"><img loading=\"lazy\" src=\"https:\/\/qualite-serralta-conseil.fr\/wp-content\/uploads\/2023\/05\/image.png\" alt=\"\" class=\"wp-image-482\" width=\"380\" height=\"126\" srcset=\"https:\/\/qualite-serralta-conseil.fr\/wp-content\/uploads\/2023\/05\/image.png 477w, https:\/\/qualite-serralta-conseil.fr\/wp-content\/uploads\/2023\/05\/image-200x66.png 200w\" sizes=\"(max-width: 380px) 100vw, 380px\" \/><\/a><\/figure><\/div>\n\n\n\n<p class=\"has-text-align-center\">Lien LinkedIn: <\/p>\n\n\n\n<p class=\"has-text-align-center\"><a href=\"https:\/\/www.linkedin.com\/in\/jean-marc-serralta-31ab5160\/\" data-type=\"URL\" data-id=\"https:\/\/www.linkedin.com\/in\/jean-marc-serralta-31ab5160\/\">https:\/\/www.linkedin.com\/in\/jean-marc-serralta-31ab5160\/<\/a><\/p>\n","protected":false},"excerpt":{"rendered":"<p>Jean-Marc Serralta Je me pr\u00e9sente: Jean-Marc Serralta, n\u00e9 en 1961 \u00e0 Saint-Brieuc, voici quelques \u00e9l\u00e9ments sur mon parcours et exp\u00e9rience: 31 ans d&rsquo;exp\u00e9rience en tant que cadre dirigeant dans l&rsquo;industrie, en fonction qualit\u00e9 principalement, mais aussi sur des fonctions Production, Achats, et Gestion Projets. Ce, dans les domaines techniques suivants: [&hellip;]<\/p>\n","protected":false},"author":1,"featured_media":0,"parent":0,"menu_order":0,"comment_status":"closed","ping_status":"open","template":"","meta":[],"_links":{"self":[{"href":"https:\/\/qualite-serralta-conseil.fr\/index.php\/wp-json\/wp\/v2\/pages\/2"}],"collection":[{"href":"https:\/\/qualite-serralta-conseil.fr\/index.php\/wp-json\/wp\/v2\/pages"}],"about":[{"href":"https:\/\/qualite-serralta-conseil.fr\/index.php\/wp-json\/wp\/v2\/types\/page"}],"author":[{"embeddable":true,"href":"https:\/\/qualite-serralta-conseil.fr\/index.php\/wp-json\/wp\/v2\/users\/1"}],"replies":[{"embeddable":true,"href":"https:\/\/qualite-serralta-conseil.fr\/index.php\/wp-json\/wp\/v2\/comments?post=2"}],"version-history":[{"count":11,"href":"https:\/\/qualite-serralta-conseil.fr\/index.php\/wp-json\/wp\/v2\/pages\/2\/revisions"}],"predecessor-version":[{"id":483,"href":"https:\/\/qualite-serralta-conseil.fr\/index.php\/wp-json\/wp\/v2\/pages\/2\/revisions\/483"}],"wp:attachment":[{"href":"https:\/\/qualite-serralta-conseil.fr\/index.php\/wp-json\/wp\/v2\/media?parent=2"}],"curies":[{"name":"wp","href":"https:\/\/api.w.org\/{rel}","templated":true}]}}